t n be i(-3). Let x be 2 + n + 23 + 2. Let m be (1*-4)/(36/(-234))*(-6)/(-12). Calculate the highest common divisor of m and x.
13
Let q be -1*(-352)/33*3*1. Calculate the greatest common divisor of 528 and q.
16
Let x be (-3)/(-12)*20 + (4 - -1). Suppose -2*j - 2*s + 104 = 0, -179 = -4*j - s + 23. What is the highest common factor of x and j?
10
Suppose r = 4*a - 2*r - 22, -3*r = 5*a - 14. Suppose d - 3 - a = 0. Let c be ((-1)/((-7)/2))/((-13)/(-637)). What is the greatest common divisor of d and c?
7
Suppose -182*r + 186*r - 120 = 0. Calculate the greatest common divisor of 130 and r.
10
Let i = 13 - 5. Suppose -6*o + o = -20. Suppose -4*c + 3*x = -83, 2*c - 35 = -x - o*x. What is the greatest common divisor of i and c?
4
Let d be 2 + 32/(-18) - (-38780)/126. What is the highest common divisor of d and 28?
28
Let i(j) = -7*j - 6. Let s be i(-6). Let a = -822 + 834. Calculate the greatest common factor of s and a.
12
Let h be (-1)/1 + (11 - 11 - -2). Calculate the highest common divisor of h and 19.
1
Suppose -8*j + 142 = 46. What is the highest common divisor of j and 12?
12
Let b(i) = 22*i. Let m be b(6). Suppose -24*q + 352 = -224. Calculate the highest common divisor of m and q.
12
Let w be -14*(-4)/16 - (-1)/(-2). Let c be 7/(w - (-35)/(-12)). What is the greatest common divisor of c and 12?
12
Let k(f) = f**3 - 7*f**2 - 8*f - 6. Let g be k(8). Let n be (7/(-2))/(g/204). What is the greatest common factor of n and 7?
7
Let a be 1 + 8/(-5) + (-286)/(-10). Calculate the highest common factor of 112 and a.
28
Let q be (-3 - -2 - 0)*-46. Suppose -3*s = 4*x - 799, -2*x + 164 + 238 = 4*s. Let h = x + -84. What is the highest common divisor of h and q?
23
Suppose 46*h = 39*h + 21. What is the greatest common divisor of 9 and h?
3
Let k = 17 - -133. Calculate the greatest common factor of k and 5.
5
Let s be (-1 - 0/(-3))/1. Let w be (-27)/(-15) + s/(-5). Suppose 2*b = 5*v - 186, w*b + 40 = -4*v + 178. What is the highest common factor of 12 and v?
12
Suppose 3*q = g + 2 + 24, 2*g = -3*q + 29. Let y = q + -6. Suppose 4*h - 88 = -2*n, -2*h = y*h - 10. Calculate the highest common factor of n and 8.
8
Let a = 39 + -26. Let n = -69 - -71. Suppose -4*d + g - 3*g + 564 = 0, -n*d = -g - 290. What is the greatest common factor of a and d?
13
Let u(w) = -w**3 - 2*w**2 - 4*w - 1. Let f be u(-3). Let t be f/15*(-126)/(-4). What is the highest common factor of t and 14?
14
Let p = -250 - -255. Calculate the highest common factor of p and 65.
5
Let t = -79 + 114. Suppose 75 = -o + 6*o. Suppose 22*g - 19*g - o = 0. Calculate the greatest common factor of g and t.
5
Let k(w) = 100 - 48 - 8*w + 3*w. Let l be k(4). Let d be 0/2 + 0 - -48. Calculate the highest common factor of d and l.
16
Let l(p) be the third derivative of p**5/15 - p**4/12 + 5*p**2. Let m = 8 - 6. Let u be l(m). What is the greatest common factor of 60 and u?
12
Suppose -d + 27 = -54. Let c be (-236)/2*2*(-10)/40. Suppose -3*h - 5*m + d + c = 0, 4*h - m = 156. What is the greatest common divisor of 60 and h?
20
Suppose 0 = -3*u + l + 187, -3*l = 9*u - 8*u - 69. Calculate the greatest common divisor of u and 1827.
63
Let z be (1420/(-12) + -2)*3. Let d = 192 + z. Let t = d + 241. Calculate the highest common factor of 24 and t.
24
Suppose -143 = -2*t + 285. Suppose -q + t = 3*y, y - 120 = -y + 5*q. Let l be (5 - 2)/((-9)/(-30)). What is the highest common divisor of y and l?
10
Let q be ((-24)/68)/3 + (-280)/(-68). What is the greatest common factor of q and 10?
2
Suppose -79*s = -81*s + 1846. What is the greatest common factor of s and 71?
71
Let g = 1601 + -1159. Calculate the greatest common factor of g and 78.
26
Suppose 19*n + 71 - 375 = 0. Let q = 389 + -213. What is the highest common factor of n and q?
16
Suppose -17 = i + 1. Let b = 20 + i. Let u = 9 + b. Calculate the highest common divisor of 33 and u.
11
Let c(u) = 8*u - 7. Let n(a) = 7*a**3 - 3*a**2 + 2*a. Let x be n(1). Let w be c(x). Calculate the greatest common factor of w and 451.
41
Suppose -5*x = -6 - 19, -z = x - 24. Suppose -q + 55 = z. Calculate the highest common factor of q and 4.
4
Let k = -118 + 21. Let q = 139 + k. Calculate the highest common factor of 6 and q.
6
Let d = 830 + -27. Suppose 0 = -5*a + d + 747. What is the greatest common factor of a and 31?
31
Suppose 0 = -5*o - 4*c + 5, -2*o - 4*c - 3 + 5 = 0. Let q be 2/(-6) - 7/(-3). Calculate the highest common divisor of o and q.
1
Let k(c) = -4*c - 17. Suppose 0 = -5*r - 42 + 2. Let b be k(r). Suppose 4*y - 12 = 48. What is the greatest common factor of b and y?
15
Suppose -3*l + 6*l - 165 = 0. Suppose -18 = -56*c + l*c. What is the highest common divisor of 27 and c?
9
Suppose -3*i = 3*s - 1167, -i + 3*s + 380 = s. Let g be i/6 + 3 + (-14)/6. Calculate the highest common divisor of 13 and g.
13
Suppose -415 = -3*a + 1025. Let u be 12/(-8)*a/(-9). Calculate the greatest common divisor of 16 and u.
16
Let n = -1572 + 2833. Calculate the highest common divisor of n and 13.
13
Suppose -u - t - 29 = -9, -u = 5*t + 40. Let b(i) = -i**3 - 16*i**2 - 15*i + 7. Let h be b(u). Calculate the highest common divisor of h and 49.
7
Let i be (-2090)/76*(0 - (-32)/(-10)). Calculate the greatest common factor of i and 220.
44
Suppose 0 = -2*i + 3*c, 0*i = 2*i - 4*c + 4. Calculate the greatest common factor of 66 and i.
6
Let s be 21*(-1 + 3*(-5)/(-9)). Let h be ((-168)/49)/((-2)/s). Calculate the greatest common divisor of 16 and h.
8
Let w(z) = -z + 18. Let q be w(10). Let x = -41 + 51. What is the greatest common divisor of q and x?
2
Let u = 850 + -459. What is the greatest common factor of 23 and u?
23
Let o be 2/(4/10) - (-81)/3. What is the greatest common divisor of o and 44?
4
Suppose 4*q - 55 = 17. Let l be 0 + (-4092)/(0 + 3). Let m be (-4)/(-14) + l/(-77). Calculate the highest common divisor of m and q.
18
Suppose -4*b + 4*d = -8, -2*b = b + 3*d - 18. Let m = 24 - 25. Let i = b - m. What is the greatest common factor of i and 25?
5
Let m = -100 - -138. What is the greatest common divisor of 57 and m?
19
Suppose 0 = 2*z - 5*z + 72. Suppose -4*n - 4 = -z. Let k = 29 - n. What is the highest common divisor of k and 3?
3
Suppose -199 = 5*c - 3*q, 3*q = -2*c - 2*q - 92. Let l = 61 + c. What is the highest common factor of l and 180?
20
Let u(n) = -2*n + 5. Let o be u(-5). Let k(c) = 4 + 1 + 1 - c. Let g be k(0). What is the highest common factor of g and o?
3
Let c(n) = -n**3 + 3*n**2 + 4*n - 2. Let z = -12 + 15. Let o be c(z). Suppose 16 = o*g - 2*g. Calculate the greatest common factor of g and 2.
2
Let f(s) = s**2 - 2*s + 1. Let z be f(-9). Let x(h) = 12*h + 541. Let d be x(-43). What is the highest common factor of d and z?
25
Suppose 0 = -k + 247 + 1473. Calculate the highest common divisor of 20 and k.
20
Let b = 16 - -2. Let d be b/1*(5 + -4). Suppose 3*j = 3*l - 366, -3*l + 4*j + 614 = 2*l. Calculate the greatest common divisor of d and l.
18
Let b = -57 + 99. Suppose 0 = -2*a - 5*a + b. Calculate the greatest common divisor of a and 2.
2
Let p(b) = 6*b**2 - 5*b + 1. Let m be p(1). Suppose 0 = -3*t - m*t + x + 60, -2*x = -2*t + 32. What is the greatest common factor of 33 and t?
11
Suppose w - 11495 = -11320. Calculate the greatest common factor of w and 125.
25
Suppose 4*u = -5*v - 30, -4*u + 0*u - 4*v = 28. Let w be ((-24)/10 - -2)*5. Let r be w/u + 515/25. What is the highest common divisor of 105 and r?
21
Suppose 2*q = -2*q + 36. Let g = 9 - 9. Suppose -2*o + 4*o - 18 = g. What is the greatest common factor of o and q?
9
Suppose -31*u + 240 = -26*u. Calculate the greatest common factor of u and 32.
16
Suppose -l + 13 = w - 5, -l = 4*w - 15. What is the greatest common divisor of l and 475?
19
Suppose -4*p - 3*z + 89 = -29, -5*p - 2*z = -144. Let v = -25 + 14. Let l be (-70)/(-3)*(v - -14). What is the highest common divisor of p and l?
14
Let a(p) = -2*p + 49. Let z be a(22). Suppose 26 = 2*s + 4*n - 2, z*n + 43 = 4*s. What is the highest common factor of 108 and s?
12
Suppose 5*t = -5*p + 20, -4*t + 2*t + 3*p + 18 = 0. Suppose -264 = 8*y - 19*y. What is the greatest common divisor of t and y?
6
Let s = 5 + -2. Let x(h) = -1 - s*h + 4*h - 2 + h**2. Let g be x(-3). What is the greatest common factor of g and 1?
1
Suppose -41*d - 141 = -44*d. What is the